c. Let t(a) = 3*a - 45. Let m be t(v). What is the greatest common factor of 36 and m?
9
Suppose 2*b + 40 = -18*l + 21*l, 3*b - 31 = -2*l. Calculate the highest common factor of l and 140.
14
Let p be 2/(-13) - 223/(-13) - 4. Suppose 24 = -12*b + p*b. Calculate the highest common divisor of 16 and b.
8
Let k = 11 + 21. Suppose -u = -2*u + k. What is the greatest common factor of u and 4?
4
Let t be (-240)/6 - 1/1. Let a = 232 - t. What is the highest common divisor of 39 and a?
39
Suppose -9*i = -10*i + 47. What is the highest common divisor of 2 and i?
1
Suppose 352 = 28*y - 20*y. Let z be (-3)/(0 - (-3)/(-4)). Suppose 4*g = -z*m + 68, -5*g + 37 = 4*m - y. What is the greatest common divisor of 26 and g?
13
Suppose 2*o + 9 = p + o, 4*o - 60 = -4*p. Let d = 21 - p. Suppose -5*r + 16 = -d. What is the highest common factor of 55 and r?
5
Suppose 74*q - 2700 = 29*q. Calculate the greatest common factor of 135 and q.
15
Let w be (-72)/60*(-10)/(-4). Let f be (w - -3)/5 - -33. What is the greatest common divisor of 3 and f?
3
Let a(v) = -2*v + 89. Let d be a(0). Suppose 0 = -7*t + 23 + d. What is the highest common divisor of t and 24?
8
Let z be 1*-2 + (-25)/(-5) + 1. Suppose z*c = -c - 20, 5*m + 5*c = 90. What is the greatest common divisor of 33 and m?
11
Suppose 0 = 5*l + y - 1175, -4*y + 3*y - 229 = -l. Calculate the greatest common factor of l and 72.
18
Let v(y) = 31*y - 142. Let r be v(18). What is the highest common factor of r and 39?
13
Suppose 212 = 14*m - 10*m. What is the greatest common factor of m and 371?
53
Let a = 283 + -248. What is the greatest common divisor of 35 and a?
35
Let c = 1016 + -606. Calculate the highest common divisor of c and 30.
10
Suppose g - 75 = 9. Let q(m) = -6*m. Let f be q(-2). Calculate the highest common divisor of f and g.
12
Let z(o) = -o**3 + 11*o**2 + 2*o - 24. Let r be z(11). Let d(v) = v**2 + v + 6. Let t be d(r). Calculate the greatest common factor of t and 24.
8
Suppose -28*w = -1708 - 644. What is the highest common factor of w and 228?
12
Suppose o = 5*a + 16, -15 - 2 = 5*a - 2*o. Let j be -1 + 1 + 15 + a. Let u be (-2)/(-4)*4 - -6. Calculate the highest common factor of u and j.
4
Suppose 0 = -2*w + 5*n + 16, 3 = 3*n - 3. Let r(s) = -s**2 - 1. Let k be r(0). Let q be 36/(-12) + (-42)/k. What is the highest common factor of q and w?
13
Let m = -821 + 857. What is the greatest common factor of 1332 and m?
36
Suppose -5*i = -15 - 0. Let a be ((-18)/14)/(149/(-1043)). Calculate the greatest common factor of a and i.
3
Suppose 2*y - y = 5*f + 18, -3*f + 6 = 5*y. Suppose -w - 2*i + i + 4 = 0, -y*w + 28 = -i. What is the greatest common factor of w and 56?
8
Let o be (-20)/8*(-12)/10. Suppose o*g - 12*g = -189. Calculate the greatest common factor of 168 and g.
21
Suppose 5*o = 9*o - 1296. Suppose -8*d + o = -2*d. What is the highest common divisor of d and 6?
6
Suppose -3*i - w = -3, 5*i - 3*w - 5 + 0 = 0. Let n be (i - -113) + -11 + 9. Calculate the greatest common divisor of n and 7.
7
Let m = 121 + -2. Suppose o = 4*h + m, 5*o - 138 = 4*h + 457. Calculate the greatest common factor of 7 and o.
7
Suppose 0 = -j + 17 - 21. Let c be (2*-4)/((-9)/((-18)/j)). What is the highest common divisor of c and 36?
4
Let n = 0 + 16. Suppose 0 = -f - 3*f - i + 28, -3*i - 6 = -3*f. Let l be -1*(-1 + -1 - f). Calculate the highest common divisor of n and l.
8
Let s(g) = -2 + 0 + 0 + 29*g. Let d be s(1). Calculate the greatest common divisor of 9 and d.
9
Let h = 56 + -71. Let b = 31 + h. Calculate the highest common factor of b and 80.
16
Let f be (-36)/21*84/(-18). Calculate the highest common factor of f and 200.
8
Suppose r = 5*s - 4*r - 17025, -4*r = -4. Calculate the highest common divisor of 26 and s.
26
Suppose 2*c + 0*c - 10 = 0. Suppose q - 3*j = -j + 18, c*q + j = 35. Let n be 7190/100 - 14/(-140). Calculate the greatest common divisor of q and n.
8
Let h = -744 - -763. Calculate the highest common factor of h and 551.
19
Let y be (-17)/((-1)/((-124)/(-128)) + 1). What is the highest common divisor of y and 17?
17
Let t be ((-6)/(-15) + 2580/(-200))*-2. Calculate the highest common factor of t and 3725.
25
Suppose -41*q + 48*q - 168 = 0. What is the greatest common divisor of 132 and q?
12
Let v = 43 + -31. Let o be (6/(-4))/(-3 + 21/6). Let j be (v/(-9))/(o/18). What is the highest common factor of 2 and j?
2
Let g(x) = 54*x - 262. Let w be g(6). Calculate the highest common factor of 2 and w.
2
Let r be -7 + (3 - -3) + 3/1. What is the greatest common factor of 2 and r?
2
Let a(p) = p**2 + 15. Let f be a(-5). Let l = f - 24. Let b(q) = 9*q**3 - 2*q**2 + q. Let x be b(1). Calculate the greatest common divisor of l and x.
8
Suppose -18 = -k - 47. Let b = -14 - k. Suppose -45 = -7*p + 4*p. Calculate the highest common divisor of b and p.
15
Let l = 44 + -43. Let w be 26 + 0/4*l. What is the greatest common divisor of 65 and w?
13
Let m be 20 + (-14)/(-35)*-5. What is the greatest common factor of 162 and m?
18
Suppose -7*w + 297 = l - 12*w, -2*l = -4*w - 612. What is the highest common divisor of l and 12?
12
Let b be (8 + -3 - 4) + -1 - -3. Calculate the greatest common factor of b and 81.
3
Let u be 16/(-72) + 344/9. Calculate the highest common factor of 57 and u.
19
Suppose -16*b + 16 = 11*b - 23*b. Let m = 29 - 1. Calculate the greatest common divisor of m and b.
4
Let i = 419 + -417. What is the highest common divisor of i and 8?
2
Let m(z) be the third derivative of z**5/60 - 13*z**4/24 + 13*z**3/3 + 3*z**2. Let b be m(11). What is the greatest common factor of b and 36?
4
Let c(f) be the third derivative of -17*f**4/12 - f**3/3 + 10*f**2. Let h be c(-2). Calculate the greatest common factor of 22 and h.
22
Suppose 18 + 2 = 2*o. Suppose -2*r = 4*t - 16, 6*t - t - o = 0. Let v(m) = 2*m**2 - 4*m. Let j be v(r). Calculate the greatest common divisor of j and 8.
8
Let u = 92 + -12. Suppose -2*r = d - 16, 4*r + 0 - 8 = d. Suppose 28 = 4*t - 3*z, -z - d = -2*t + 8. What is the highest common factor of t and u?
10
Suppose -3*a + 334 = 334. Let b(s) = 2*s - 10. Let j be b(7). Suppose -2*u = -2*z - 7*u + 35, z + j*u - 25 = a. Calculate the highest common factor of z and 10.
5
Let m be 1269/6 + 24/(-16). What is the highest common divisor of m and 60?
30
Let m be (3 + -3 - 1)*-177. Let o = m - -39. What is the highest common factor of o and 24?
24
Suppose -2*q + 38 = 5*w, 0 = 4*q - 2*w + 8 - 60. Suppose 0 = t - q - 12. What is the highest common factor of 130 and t?
26
Suppose 170 = 9*n - 4*n. Suppose 0 = -0*c + 2*c - 170. What is the greatest common factor of n and c?
17
Suppose -5*g = -0*g + 10, 234 = 5*x + 3*g. Let o = 124 + -92. What is the highest common factor of o and x?
16
Let q be 23/(-92) - (1 - (-10)/(-8)). Let l be -3 - q - (-5 + -3 - 7). Calculate the greatest common divisor of 60 and l.
12
Let m be 1 + -85*(-4 - (-54)/15). Calculate the greatest common divisor of 28 and m.
7
Suppose -4*h - 24 = -5*j + j, 36 = 4*j + 2*h. Let d be 3 - 4/(j/6). Suppose x + x + m - 39 = d, -3*m = -x + 2. What is the highest common divisor of 34 and x?
17
Let j be (-1 - (-16)/4) + -13. Let u be 45/j*(-8)/(-3). Let g be (-63)/u + 1/(-4). Calculate the greatest common factor of 5 and g.
5
Let p be (-18)/4*(-4 + -3 + 3). Let r(b) = b**2 - 3*b - 1. Let s be r(5). Calculate the highest common factor of s and p.
9
Let w = 92 + 8. Suppose 2*z - 160 = -2*z. Calculate the greatest common factor of z and w.
20
Let x = -24 + 61. Suppose 3*z = -0*z + 999. Calculate the greatest common divisor of x and z.
37
Let z(v) = -v**3 - 13*v**2 - 30*v + 9. Let p be z(-12). What is the highest common divisor of p and 200?
25
Let d be (-2)/((-8)/(-6))*80/(-15). Suppose 3*a + d = 50. Let l = 0 + 7. What is the highest common factor of a and l?
7
Let f(w) = w. Let s be f(2). Let q(n) = n**2 + n - 2. Let g = 15 + -12. Let d be q(g). What is the highest common divisor of d and s?
2
Suppose 2*h - 6*h + 44 = 0. Suppose -3*m = 2*w - 35, -4*m + 2*m = 2*w - 24. Calculate the greatest common divisor of m and h.
11
Let z(y) = -8*y - 33. Let i be z(-6). Let l = 274 + -186. Let t = l - 43. What is the greatest common divisor of i and t?
15
Let m = 9 - 7. Suppose -5 - 31 = -m*f. Calculate the greatest common divisor of f and 198.
18
Let b = -9 + 